te the remainder when 17284 is divided by 343.
134
Calculate the remainder when 18937 is divided by 146.
103
What is the remainder when 7774 is divided by 36?
34
What is the remainder when 23797 is divided by 128?
117
Calculate the remainder when 1387 is divided by 194.
29
What is the remainder when 276352 is divided by 145?
127
Calculate the remainder when 16737 is divided by 452.
13
Calculate the remainder when 123668 is divided by 121.
6
Calculate the remainder when 868 is divided by 167.
33
What is the remainder when 20204 is divided by 791?
429
What is the remainder when 176922 is divided by 3469?
3
Calculate the remainder when 107729 is divided by 45.
44
What is the remainder when 47423 is divided by 312?
311
What is the remainder when 11998 is divided by 927?
874
What is the remainder when 21868 is divided by 20?
8
What is the remainder when 28218 is divided by 85?
83
What is the remainder when 11900 is divided by 209?
196
What is the remainder when 939836 is divided by 37?
36
Calculate the remainder when 201284 is divided by 220.
204
What is the remainder when 29232 is divided by 1733?
1504
What is the remainder when 13305 is divided by 148?
133
What is the remainder when 553273 is divided by 19?
12
What is the remainder when 321116 is divided by 720?
716
What is the remainder when 6527 is divided by 429?
92
Calculate the remainder when 790019 is divided by 101.
98
What is the remainder when 4092 is divided by 302?
166
Calculate the remainder when 77994 is divided by 66.
48
Calculate the remainder when 1837923 is divided by 19.
15
What is the remainder when 49758 is divided by 171?
168
Calculate the remainder when 2458 is divided by 1174.
110
Calculate the remainder when 2866 is divided by 29.
24
What is the remainder when 4674 is divided by 50?
24
Calculate the remainder when 2690 is divided by 461.
385
Calculate the remainder when 39921 is divided by 7984.
1
What is the remainder when 33491 is divided by 25?
16
Calculate the remainder when 905031 is divided by 571.
567
What is the remainder when 2043 is divided by 35?
13
What is the remainder when 721 is divided by 10?
1
What is the remainder when 7447 is divided by 80?
7
What is the remainder when 106191 is divided by 35392?
15
What is the remainder when 9854 is divided by 657?
656
What is the remainder when 22525 is divided by 105?
55
Calculate the remainder when 3383 is divided by 263.
227
What is the remainder when 17007 is divided by 43?
22
What is the remainder when 493583 is divided by 39?
38
Calculate the remainder when 112889 is divided by 384.
377
What is the remainder when 1017 is divided by 199?
22
What is the remainder when 11294 is divided by 135?
89
Calculate the remainder when 14712 is divided by 2452.
0
What is the remainder when 237001 is divided by 39498?
13
What is the remainder when 2960 is divided by 32?
16
Calculate the remainder when 18606 is divided by 67.
47
Calculate the remainder when 578 is divided by 414.
164
Calculate the remainder when 4642 is divided by 4596.
46
What is the remainder when 88779 is divided by 5903?
234
What is the remainder when 312465 is divided by 14?
13
Calculate the remainder when 5623 is divided by 808.
775
Calculate the remainder when 42409 is divided by 8481.
4
What is the remainder when 1267 is divided by 1028?
239
Calculate the remainder when 17942 is divided by 51.
41
What is the remainder when 3758 is divided by 285?
53
What is the remainder when 4092 is divided by 1024?
1020
What is the remainder when 27983 is divided by 2532?
131
Calculate the remainder when 53056 is divided by 86.
80
Calculate the remainder when 412527 is divided by 15.
12
Calculate the remainder when 538 is divided by 80.
58
What is the remainder when 314860 is divided by 541?
539
What is the remainder when 46231 is divided by 16?
7
Calculate the remainder when 360071 is divided by 650.
621
What is the remainder when 160807 is divided by 755?
747
What is the remainder when 18814 is divided by 77?
26
What is the remainder when 12646 is divided by 17?
15
What is the remainder when 800 is divided by 13?
7
Calculate the remainder when 23226 is divided by 287.
266
What is the remainder when 15446 is divided by 2198?
60
Calculate the remainder when 570680 is divided by 127.
69
Calculate the remainder when 46022 is divided by 2430.
2282
What is the remainder when 4291865 is divided by 1430618?
11
What is the remainder when 1253410 is divided by 49?
39
What is the remainder when 2544 is divided by 195?
9
Calculate the remainder when 53722 is divided by 51.
19
Calculate the remainder when 787919 is divided by 147.
146
Calculate the remainder when 2413 is divided by 222.
193
Calculate the remainder when 68395 is divided by 24.
19
What is the remainder when 115369 is divided by 298?
43
Calculate the remainder when 3505 is divided by 3385.
120
Calculate the remainder when 9725 is divided by 108.
5
What is the remainder when 1914 is divided by 146?
16
Calculate the remainder when 20897 is divided by 646.
225
What is the remainder when 146453 is divided by 3116?
1
What is the remainder when 15774 is divided by 220?
154
Calculate the remainder when 22854 is divided by 357.
6
Calculate the remainder when 16164 is divided by 5387.
3
What is the remainder when 151 is divided by 26?
21
Calculate the remainder when 79083 is divided by 26358.
9
Calculate the remainder when 4860 is divided by 970.
10
Calculate the remainder when 15973 is divided by 72.
61
Calculate the remainder when 39666 is divided by 9914.
10
Calculate the remainder when 55039 is divided by 29.
26
What is the remainder when 11045 is divided by 83?
6
What is the remainder when 6897 is divided by 2251?
144
Calculate the remainder when 9657 is divided by 127.
5
What is the remainder when 5771623 is divided by 25?
23
Calculate the remainder when 1197 is divided by 62.
19
Calculate the remainder when 190526 is divided by 438.
434
Calculate the remainder when 1144 is divided by 568.
8
Calculate the remainder when 32573 is divided by 479.
1
Calculate the remainder when 130593 is divided by 43530.
3
Calculate the remainder when 27603 is divided by 502.
495
Calculate the remainder when 10387 is divided by 258.
67
What is the remainder when 2733 is divided by 858?
159
Calculate the remainder when 335062 is divided by 765.
757
What is the remainder when 27228 is divided by 27216?
12
What is the remainder when 1462563 is divided by 1077?
1074
Calculate the remainder when 123157 is divided by 132.
1
What is the remainder when 24524 is divided by 225?
224
What is the remainder when 7615 is divided by 144?
127
What is the remainder when 9159 is divided by 1084?
487
What is the remainder when 948 is divided by 75?
48
What is the remainder when 7272 is divided by 3632?
8
Calculate the remainder when 125166 is divided by 171.
165
What is the remainder when 407184 is divided by 308?
8
What is the remainder when 249145 is divided by 347?
346
Calculate the remainder when 32284 is divided by 11.
10
What is the remainder when 8132 is divided by 5?
2
What is the remainder when 116260 is divided by 336?
4
Calculate the remainder when 258335 is divided by 468.
467
Calculate the remainder when 3339 is divided by 278.
3
Calculate the remainder when 2098 is divided by 181.
107
What is the remainder when 114515 is divided by 38168?
11
What is the remainder when 16999 is divided by 65?
34
Calculate the remainder when 1401 is divided by 391.
228
What is the remainder when 27313 is divided by 27307?
6
Calculate the remainder when 19369 is divided by 379.
40
Calculate the remainder when 3681 is divided by 926.
903
What is the remainder when 65036 is divided by 21670?
26
What is the remainder when 68043 is divided by 301?
17
What is the remainder when 20939 is divided by 88?
83
What is the remainder when 35511 is divided by 555?
546
What is the remainder when 10429 is divided by 1276?
221
Calculate the remainder when 878 is divided by 32.
14
Calculate the remainder when 8331 is divided by 2471.
918
What is the remainder when 6650185 is divided by 19?
14
Calculate the remainder when 24619 is divided by 665.
14
Calculate the remainder when 118048 is divided by 101.
80
Calculate the remainder when 128951 is divided by 3002.
2867
Calculate